{"id":2642,"date":"2026-04-14T13:02:43","date_gmt":"2026-04-14T13:02:43","guid":{"rendered":"https:\/\/musee-aaa.com\/?page_id=2642"},"modified":"2026-04-14T13:09:30","modified_gmt":"2026-04-14T13:09:30","slug":"afrique-arts-contemporains","status":"publish","type":"page","link":"https:\/\/musee-aaa.com\/?page_id=2642","title":{"rendered":"AFRIQUE ARTS CONTEMPORAINS"},"content":{"rendered":"\n<figure class=\"wp-block-image size-large\"><img loading=\"lazy\" width=\"660\" height=\"928\" src=\"https:\/\/musee-aaa.com\/wp-content\/uploads\/Affiche-Arts-Afrique-WEB-660x928.jpg\" alt=\"\" class=\"wp-image-2637\" srcset=\"https:\/\/musee-aaa.com\/wp-content\/uploads\/Affiche-Arts-Afrique-WEB-660x928.jpg 660w, https:\/\/musee-aaa.com\/wp-content\/uploads\/Affiche-Arts-Afrique-WEB-490x689.jpg 490w, https:\/\/musee-aaa.com\/wp-content\/uploads\/Affiche-Arts-Afrique-WEB-213x300.jpg 213w, https:\/\/musee-aaa.com\/wp-content\/uploads\/Affiche-Arts-Afrique-WEB.jpg 750w\" sizes=\"(max-width: 660px) 100vw, 660px\" \/><\/figure>\n\n\n\n<p><strong>AFRIQUE ARTS CONTEMPORAINS<\/strong><br \/><strong>Collections MAGNIN-A, Paris<\/strong><\/p>\n<p><span style=\"font-size: medium;\">Les artistes\u00a0: Steve Bandoma (RDC), Duda (RDC), Kiripi Katempo (RDC), Seydou Keita (Mali), Gon\u00e7alo Mabunda (Mozambique), Dolet Malalu (RDC), Houston Maludi (RDC), Tsham Mateng (RDC), Ambroise Ngaimoko (RDC), Rigobert Nimi (RDC), Mika (RDC), Moke (RDC), Amadou Sanogo (Mali), Malick Sidib\u00e9 (Mali), Ana Silva (Angola).<\/span><\/p>\n<p><span style=\"font-size: medium;\">De Bamako la coquette \u00e0 Kin la joie, l\u2019exposition est urbaine. La vie en ville est vue par le regard de ses artistes, des ann\u00e9es 50 \u00e0 aujourd\u2019hui. Kinshasa est une ville-mondes c\u00e9l\u00e9br\u00e9e par ses artistes, survol\u00e9e, imagin\u00e9e, po\u00e9tis\u00e9e.<\/span><\/p>\n<p><span style=\"font-size: medium;\">Kinshasa et Bamako 1960.<\/span><span style=\"font-size: medium;\"><i> La vraie vie<\/i><\/span><span style=\"font-size: medium;\"> commence aux Ind\u00e9pendances. Les studios photo, tr\u00e8s nombreux, mettent en sc\u00e8ne une jeunesse fi\u00e8re et \u00e9l\u00e9gante<\/span><span style=\"font-size: medium;\"><i>. <\/i><\/span><span style=\"font-size: medium;\">Le studio photo est le th\u00e9\u00e2tre de l\u2019identit\u00e9 retrouv\u00e9e. L\u2019Afrique se photographie selon ses propres codes, \u00e9mancip\u00e9e du regard colonial. La jeunesse d\u00e9couvre la libert\u00e9 politique et la modernit\u00e9 urbaine.<\/span><\/p>\n<p><span style=\"font-size: medium;\">De cette reconqu\u00eate de l\u2019image na\u00eet une sc\u00e8ne artistique qui ne cessera de se r\u00e9inventer. Dans le monde de l\u2019art contemporain, les artistes du continent africain sont particuli\u00e8rement prolifiques\u00a0; leur r\u00e9flexion sur le monde est pointure et profonde. Leur cr\u00e9ativit\u00e9 plastique est sans fin, leur art se nourrit de continuit\u00e9s et de ruptures, d\u2019enracinements et d\u2019innovations radicales. Certains artistes font appel \u00e0 un immense r\u00e9servoir de traditions et de techniques artistiques. Ce sont ces passeurs et passeuses de m\u00e9moire et de beaut\u00e9 que nous c\u00e9l\u00e9brons dans cette exposition.<\/span><\/p>\n","protected":false},"excerpt":{"rendered":"<p>AFRIQUE ARTS CONTEMPORAINSCollections MAGNIN-A, Paris Les artistes\u00a0: Steve Bandoma (RDC), Duda (RDC), Kiripi Katempo (RDC), Seydou Keita (Mali), Gon\u00e7alo Mabunda (Mozambique), Dolet Malalu (RDC), Houston Maludi (RDC), Tsham Mateng (RDC), Ambroise Ngaimoko (RDC), Rigobert Nimi (RDC), Mika (RDC), Moke (RDC), &hellip; <a href=\"https:\/\/musee-aaa.com\/?page_id=2642\">Continuer la lecture <span class=\"meta-nav\">&rarr;<\/span><\/a><\/p>\n","protected":false},"author":1,"featured_media":0,"parent":0,"menu_order":0,"comment_status":"closed","ping_status":"closed","template":"","meta":[],"_links":{"self":[{"href":"https:\/\/musee-aaa.com\/index.php?rest_route=\/wp\/v2\/pages\/2642"}],"collection":[{"href":"https:\/\/musee-aaa.com\/index.php?rest_route=\/wp\/v2\/pages"}],"about":[{"href":"https:\/\/musee-aaa.com\/index.php?rest_route=\/wp\/v2\/types\/page"}],"author":[{"embeddable":true,"href":"https:\/\/musee-aaa.com\/index.php?rest_route=\/wp\/v2\/users\/1"}],"replies":[{"embeddable":true,"href":"https:\/\/musee-aaa.com\/index.php?rest_route=%2Fwp%2Fv2%2Fcomments&post=2642"}],"version-history":[{"count":3,"href":"https:\/\/musee-aaa.com\/index.php?rest_route=\/wp\/v2\/pages\/2642\/revisions"}],"predecessor-version":[{"id":2647,"href":"https:\/\/musee-aaa.com\/index.php?rest_route=\/wp\/v2\/pages\/2642\/revisions\/2647"}],"wp:attachment":[{"href":"https:\/\/musee-aaa.com\/index.php?rest_route=%2Fwp%2Fv2%2Fmedia&parent=2642"}],"curies":[{"name":"wp","href":"https:\/\/api.w.org\/{rel}","templated":true}]}}