{"id":94,"date":"2012-05-04T12:02:57","date_gmt":"2012-05-04T12:02:57","guid":{"rendered":"http:\/\/musee-aaa.com\/?page_id=94"},"modified":"2026-04-14T13:45:26","modified_gmt":"2026-04-14T13:45:26","slug":"animations","status":"publish","type":"page","link":"https:\/\/musee-aaa.com\/?page_id=94","title":{"rendered":"Les visites p\u00e9dagogiques"},"content":{"rendered":"\n<figure class=\"wp-block-image\"><img loading=\"lazy\" width=\"490\" height=\"302\" src=\"https:\/\/musee-aaa.com\/wp-content\/uploads\/animation1-490x302.jpg\" alt=\"\" class=\"wp-image-250\" srcset=\"https:\/\/musee-aaa.com\/wp-content\/uploads\/animation1-490x302.jpg 490w, https:\/\/musee-aaa.com\/wp-content\/uploads\/animation1-486x300.jpg 486w, https:\/\/musee-aaa.com\/wp-content\/uploads\/animation1.jpg 660w\" sizes=\"(max-width: 490px) 100vw, 490px\" \/><\/figure>\n\n\n\n<p><strong>En 2026, pour les Maternelles et les Primaires, deux expositions \u00e0 explorer\u00a0: AFRIQUE ARTS CONTEMPORAINS et ROUTES.<\/strong><\/p>\n\n\n\n<p><strong>Le d\u00e9roulement d\u2019une visite au mus\u00e9e&nbsp;:<\/strong><\/p>\n\n\n\n<ul><li>Une d\u00e9couverte des collections avec une animatrice.<\/li><li>Un atelier plastique ax\u00e9 sur les techniques artistiques ou le symbolisme des \u0153uvres.<\/li><\/ul>\n\n\n\n<p><strong>Aller plus loin pour les Coll\u00e8ges, les Lyc\u00e9es\u2026<\/strong><\/p>\n\n\n\n<ul><li>Une visite au mus\u00e9e permet d&rsquo;aborder les mythes. Par exemple, la cosmogonie Dogon anime la cr\u00e9ation artistique dans ses sujets et ses formes.<\/li><li>Nous discutons aussi de la relation entre environnement et objets, \u00e0 travers les motifs, les mati\u00e8res et de la pr\u00e9servation n\u00e9cessaire des ressources naturelles.&nbsp;<\/li><\/ul>\n\n\n\n<p><strong>L\u2019exposition permanente <em>Le mus\u00e9e a 100 ans<\/em><\/strong> permet de r\u00e9fl\u00e9chir sur l\u2019existence de ce mus\u00e9e, sur la pr\u00e9sence des objets emport\u00e9s d\u2019autres continents. Le mus\u00e9e est le t\u00e9moignage d\u2019une p\u00e9riode de l\u2019histoire de France, des missions et de la colonisation. Il est important aujourd\u2019hui de raconter cette histoire, de se questionner et d\u2019\u00e9changer pour le futur.<\/p>\n\n\n\n<p class=\"has-text-align-left\">Pour tout renseignement et r\u00e9servation, prenez contact<br>au 04 70 97 76 40.<\/p>\n\n\n\n<p class=\"has-text-align-left\">Les visites organis\u00e9es par le Mus\u00e9e AAA se proposent de susciter la curiosit\u00e9 de l\u2019enfant, de l\u2019amener \u00e0 regarder, interroger et comprendre ce qui lui est \u00e9tranger. Cette approche s\u2019appuie sur une p\u00e9dagogie active qui fait appel \u00e0 la participation physique, intellectuelle et \u00e9motionnelle de l\u2019enfant.<\/p>\n\n\n\n<p class=\"has-text-align-left\">Notre volont\u00e9 est d\u2019ouvrir le jeune public aux cultures traditionnelles extra-europ\u00e9ennes par le biais de l\u2019Art et de l\u2019Histoire. Respecter l\u2019Autre c\u2019est d\u2019abord conna\u00eetre et accepter ses diff\u00e9rences.<\/p>\n\n\n\n<p class=\"has-text-align-left\"><strong>Pour les enseignants et les professeurs :<\/strong><\/p>\n\n\n\n<figure class=\"wp-block-image\"><img loading=\"lazy\" width=\"490\" height=\"302\" src=\"https:\/\/musee-aaa.com\/wp-content\/uploads\/animation3-490x302.jpg\" alt=\"\" class=\"wp-image-255\" srcset=\"https:\/\/musee-aaa.com\/wp-content\/uploads\/animation3-490x302.jpg 490w, https:\/\/musee-aaa.com\/wp-content\/uploads\/animation3-486x300.jpg 486w, https:\/\/musee-aaa.com\/wp-content\/uploads\/animation3.jpg 660w\" sizes=\"(max-width: 490px) 100vw, 490px\" \/><\/figure>\n\n\n\n<p class=\"has-text-align-left\">D\u00e9butez votre projet p\u00e9dagogique sur l&rsquo;Afrique ou l&rsquo;Asie par une visite au mus\u00e9e ! Illustrez vos 1ers cours d&rsquo;histoire et de g\u00e9ographie en faisant d\u00e9couvrir \u00e0 vos \u00e9l\u00e8ves d&rsquo;autres repr\u00e9sentations du monde. Compl\u00e9tez la pratique des arts plastiques par la rencontre des formes et des couleurs.<\/p>\n\n\n\n<figure class=\"wp-block-image\"><img loading=\"lazy\" width=\"490\" height=\"319\" src=\"https:\/\/musee-aaa.com\/wp-content\/uploads\/atelier-490x319.jpg\" alt=\"\" class=\"wp-image-233\" title=\"\" srcset=\"https:\/\/musee-aaa.com\/wp-content\/uploads\/atelier-490x319.jpg 490w, https:\/\/musee-aaa.com\/wp-content\/uploads\/atelier-459x300.jpg 459w, https:\/\/musee-aaa.com\/wp-content\/uploads\/atelier.jpg 660w\" sizes=\"(max-width: 490px) 100vw, 490px\" \/><\/figure>\n\n\n\n<figure class=\"wp-block-image\"><img loading=\"lazy\" width=\"490\" height=\"302\" src=\"https:\/\/musee-aaa.com\/wp-content\/uploads\/animation2-490x302.jpg\" alt=\"\" class=\"wp-image-277\" title=\"\" srcset=\"https:\/\/musee-aaa.com\/wp-content\/uploads\/animation2-490x302.jpg 490w, https:\/\/musee-aaa.com\/wp-content\/uploads\/animation2-486x300.jpg 486w, https:\/\/musee-aaa.com\/wp-content\/uploads\/animation2.jpg 660w\" sizes=\"(max-width: 490px) 100vw, 490px\" \/><\/figure>\n\n\n\n<div id=\"s3gt_translate_tooltip_mini\" class=\"s3gt_translate_tooltip_mini_box\" style=\"background: initial !important; border: initial !important; border-radius: initial !important; border-spacing: initial !important; border-collapse: initial !important; direction: ltr !important; flex-direction: initial !important; font-weight: initial !important; height: initial !important; letter-spacing: initial !important; min-width: initial !important; max-width: initial !important; min-height: initial !important; max-height: initial !important; margin: auto !important; outline: initial !important; padding: initial !important; position: absolute; table-layout: initial !important; text-align: initial !important; text-shadow: initial !important; width: initial !important; word-break: initial !important; word-spacing: initial !important; overflow-wrap: initial !important; box-sizing: initial !important; display: initial !important; color: inherit !important; font-size: 13px !important; font-family: X-LocaleSpecific, sans-serif, Tahoma, Helvetica !important; line-height: 13px !important; vertical-align: top !important; white-space: inherit !important; left: 10px; top: 725px; opacity: 0.05;\">\u00a0<\/div>\n","protected":false},"excerpt":{"rendered":"<p>En 2026, pour les Maternelles et les Primaires, deux expositions \u00e0 explorer\u00a0: AFRIQUE ARTS CONTEMPORAINS et ROUTES. Le d\u00e9roulement d\u2019une visite au mus\u00e9e&nbsp;: Une d\u00e9couverte des collections avec une animatrice. Un atelier plastique ax\u00e9 sur les techniques artistiques ou le &hellip; <a href=\"https:\/\/musee-aaa.com\/?page_id=94\">Continuer la lecture <span class=\"meta-nav\">&rarr;<\/span><\/a><\/p>\n","protected":false},"author":1,"featured_media":0,"parent":0,"menu_order":0,"comment_status":"closed","ping_status":"closed","template":"","meta":[],"_links":{"self":[{"href":"https:\/\/musee-aaa.com\/index.php?rest_route=\/wp\/v2\/pages\/94"}],"collection":[{"href":"https:\/\/musee-aaa.com\/index.php?rest_route=\/wp\/v2\/pages"}],"about":[{"href":"https:\/\/musee-aaa.com\/index.php?rest_route=\/wp\/v2\/types\/page"}],"author":[{"embeddable":true,"href":"https:\/\/musee-aaa.com\/index.php?rest_route=\/wp\/v2\/users\/1"}],"replies":[{"embeddable":true,"href":"https:\/\/musee-aaa.com\/index.php?rest_route=%2Fwp%2Fv2%2Fcomments&post=94"}],"version-history":[{"count":124,"href":"https:\/\/musee-aaa.com\/index.php?rest_route=\/wp\/v2\/pages\/94\/revisions"}],"predecessor-version":[{"id":2663,"href":"https:\/\/musee-aaa.com\/index.php?rest_route=\/wp\/v2\/pages\/94\/revisions\/2663"}],"wp:attachment":[{"href":"https:\/\/musee-aaa.com\/index.php?rest_route=%2Fwp%2Fv2%2Fmedia&parent=94"}],"curies":[{"name":"wp","href":"https:\/\/api.w.org\/{rel}","templated":true}]}}